{"id":87,"date":"2016-02-15T14:52:20","date_gmt":"2016-02-15T13:52:20","guid":{"rendered":"http:\/\/www.annesophiemiclo.com\/?page_id=87"},"modified":"2025-07-18T20:42:36","modified_gmt":"2025-07-18T19:42:36","slug":"a-propos-3","status":"publish","type":"page","link":"https:\/\/www.annesophiemiclo.com\/index.php\/a-propos-3\/","title":{"rendered":"\u00e0 propos"},"content":{"rendered":"<div id=\"attachment_9\" style=\"width: 431px\" class=\"wp-caption aligncenter\"><img aria-describedby=\"caption-attachment-9\" loading=\"lazy\" class=\"wp-image-9\" src=\"http:\/\/www.annesophiemiclo.com\/wp-content\/uploads\/2016\/02\/caillou.gif\" alt=\"Hugo Livet, Caillou.gif, animation gif HD en boucle, 2015. Un caillou en mouvement perp\u00e9tuel, virtuellement et monstrueusement libre.\" width=\"421\" height=\"316\" \/><p id=\"caption-attachment-9\" class=\"wp-caption-text\">Hugo Livet, Caillou.gif, animation gif HD en boucle, 2015.<br \/>Un caillou en mouvement perp\u00e9tuel, virtuellement et monstrueusement libre.<\/p><\/div>\n<p><strong>Anne-Sophie Miclo \u00a0<\/strong><\/p>\n<div class=\"ezcol ezcol-two-third\">\n<div>\n<p>Anne-Sophie Miclo est historienne de l\u2019art. Elle d\u00e9tient un doctorat en histoire de l\u2019art de l\u2019Universit\u00e9 du Qu\u00e9bec \u00e0 Montr\u00e9al et enseigne \u00e9galement comme charg\u00e9e de cours. Depuis quinze ans, elle m\u00e8ne des recherches sur l\u2019histoire et les processus de mus\u00e9alisation des \u0153uvres et expositions vivantes. Elle poursuit actuellement une recherche postdoctorale \u00e0 l\u2019Universit\u00e9 du Qu\u00e9bec en Outaouais, intitul\u00e9e<span class=\"apple-converted-space\">\u00a0<\/span><em>Soixante ans d\u2019\u0153uvres vivantes dans les mus\u00e9es canadiens (1960-2020), <\/em>soutenue par le Conseil de la recherche en sciences humaines du Canada (CRSH) et le Fonds de recherche du Qu\u00e9bec \u2013 Soci\u00e9t\u00e9 et culture (FRQSC). Elle est aussi membre de l\u2019\u00c9quipe Art et mus\u00e9e (FRQSC 2022-2026).<\/p>\n<\/div>\n<p align=\"JUSTIFY\">Vit \u00e0\u00a0<span style=\"font-size: inherit;\">Tiohti\u00e0:ke \/ Mooniyang \/\u00a0<\/span><span style=\"font-size: inherit;\">Montr\u00e9al.<\/span><\/p>\n<p align=\"JUSTIFY\">Contact :\u00a0<\/p>\n<p align=\"JUSTIFY\"><img loading=\"lazy\" class=\"alignleft  wp-image-272\" src=\"http:\/\/www.annesophiemiclo.com\/wp-content\/uploads\/2016\/03\/rielcour_non_transparent.jpg\" alt=\"\" width=\"227\" height=\"19\" \/><\/p>\n<p align=\"JUSTIFY\">\u00a0<\/p>\n<p align=\"JUSTIFY\"><\/div> <div class=\"ezcol ezcol-one-third ezcol-last\"><img loading=\"lazy\" class=\"alignleft wp-image-603 size-full\" src=\"https:\/\/www.annesophiemiclo.com\/wp-content\/uploads\/2025\/07\/LR-2025-04-27-Anne-Sophie-Miclo-67-V2-scaled.jpg\" alt=\"\" width=\"2560\" height=\"1707\" srcset=\"https:\/\/www.annesophiemiclo.com\/wp-content\/uploads\/2025\/07\/LR-2025-04-27-Anne-Sophie-Miclo-67-V2-scaled.jpg 2560w, https:\/\/www.annesophiemiclo.com\/wp-content\/uploads\/2025\/07\/LR-2025-04-27-Anne-Sophie-Miclo-67-V2-300x200.jpg 300w, https:\/\/www.annesophiemiclo.com\/wp-content\/uploads\/2025\/07\/LR-2025-04-27-Anne-Sophie-Miclo-67-V2-1024x683.jpg 1024w, https:\/\/www.annesophiemiclo.com\/wp-content\/uploads\/2025\/07\/LR-2025-04-27-Anne-Sophie-Miclo-67-V2-1536x1024.jpg 1536w, https:\/\/www.annesophiemiclo.com\/wp-content\/uploads\/2025\/07\/LR-2025-04-27-Anne-Sophie-Miclo-67-V2-2048x1365.jpg 2048w, https:\/\/www.annesophiemiclo.com\/wp-content\/uploads\/2025\/07\/LR-2025-04-27-Anne-Sophie-Miclo-67-V2-600x400.jpg 600w, https:\/\/www.annesophiemiclo.com\/wp-content\/uploads\/2025\/07\/LR-2025-04-27-Anne-Sophie-Miclo-67-V2-940x627.jpg 940w\" sizes=\"(max-width: 2560px) 100vw, 2560px\" \/><\/div><div class=\"ezcol-divider\"><\/div><\/p>\n<p align=\"JUSTIFY\">\u00a0<\/p>\n\n\n<p><\/p>\n\n\n\n<p><\/p>\n","protected":false},"excerpt":{"rendered":"<p>Anne-Sophie Miclo \u00a0 \u00a0<\/p>\n","protected":false},"author":1,"featured_media":0,"parent":0,"menu_order":0,"comment_status":"closed","ping_status":"closed","template":"","meta":{"_monsterinsights_skip_tracking":false,"_monsterinsights_sitenote_active":false,"_monsterinsights_sitenote_note":"","_monsterinsights_sitenote_category":0},"yoast_head":"<!-- This site is optimized with the Yoast SEO plugin v17.3 - https:\/\/yoast.com\/wordpress\/plugins\/seo\/ -->\n<title>\u00e0 propos - Anne-Sophie Miclo<\/title>\n<meta name=\"robots\" content=\"index, follow, max-snippet:-1, max-image-preview:large, max-video-preview:-1\" \/>\n<link rel=\"canonical\" href=\"https:\/\/www.annesophiemiclo.com\/index.php\/a-propos-3\/\" \/>\n<meta property=\"og:locale\" content=\"fr_FR\" \/>\n<meta property=\"og:type\" content=\"article\" \/>\n<meta property=\"og:title\" content=\"\u00e0 propos - Anne-Sophie Miclo\" \/>\n<meta property=\"og:description\" content=\"Anne-Sophie Miclo \u00a0 \u00a0\" \/>\n<meta property=\"og:url\" content=\"https:\/\/www.annesophiemiclo.com\/index.php\/a-propos-3\/\" \/>\n<meta property=\"og:site_name\" content=\"Anne-Sophie Miclo\" \/>\n<meta property=\"article:modified_time\" content=\"2025-07-18T19:42:36+00:00\" \/>\n<meta property=\"og:image\" content=\"http:\/\/www.annesophiemiclo.com\/wp-content\/uploads\/2016\/02\/caillou.gif\" \/>\n<meta name=\"twitter:card\" content=\"summary_large_image\" \/>\n<meta name=\"twitter:label1\" content=\"Dur\u00e9e de lecture estim\u00e9e\" \/>\n\t<meta name=\"twitter:data1\" content=\"2 minutes\" \/>\n<script type=\"application\/ld+json\" class=\"yoast-schema-graph\">{\"@context\":\"https:\/\/schema.org\",\"@graph\":[{\"@type\":\"WebSite\",\"@id\":\"https:\/\/www.annesophiemiclo.com\/#website\",\"url\":\"https:\/\/www.annesophiemiclo.com\/\",\"name\":\"Anne-Sophie Miclo\",\"description\":\"Historienne de l&#039;art &amp; commissaire d&#039;exposition\",\"potentialAction\":[{\"@type\":\"SearchAction\",\"target\":{\"@type\":\"EntryPoint\",\"urlTemplate\":\"https:\/\/www.annesophiemiclo.com\/?s={search_term_string}\"},\"query-input\":\"required name=search_term_string\"}],\"inLanguage\":\"fr-FR\"},{\"@type\":\"ImageObject\",\"@id\":\"https:\/\/www.annesophiemiclo.com\/index.php\/a-propos-3\/#primaryimage\",\"inLanguage\":\"fr-FR\",\"url\":\"http:\/\/www.annesophiemiclo.com\/wp-content\/uploads\/2016\/02\/caillou.gif\",\"contentUrl\":\"http:\/\/www.annesophiemiclo.com\/wp-content\/uploads\/2016\/02\/caillou.gif\"},{\"@type\":\"WebPage\",\"@id\":\"https:\/\/www.annesophiemiclo.com\/index.php\/a-propos-3\/#webpage\",\"url\":\"https:\/\/www.annesophiemiclo.com\/index.php\/a-propos-3\/\",\"name\":\"\\u00e0 propos - Anne-Sophie Miclo\",\"isPartOf\":{\"@id\":\"https:\/\/www.annesophiemiclo.com\/#website\"},\"primaryImageOfPage\":{\"@id\":\"https:\/\/www.annesophiemiclo.com\/index.php\/a-propos-3\/#primaryimage\"},\"datePublished\":\"2016-02-15T13:52:20+00:00\",\"dateModified\":\"2025-07-18T19:42:36+00:00\",\"breadcrumb\":{\"@id\":\"https:\/\/www.annesophiemiclo.com\/index.php\/a-propos-3\/#breadcrumb\"},\"inLanguage\":\"fr-FR\",\"potentialAction\":[{\"@type\":\"ReadAction\",\"target\":[\"https:\/\/www.annesophiemiclo.com\/index.php\/a-propos-3\/\"]}]},{\"@type\":\"BreadcrumbList\",\"@id\":\"https:\/\/www.annesophiemiclo.com\/index.php\/a-propos-3\/#breadcrumb\",\"itemListElement\":[{\"@type\":\"ListItem\",\"position\":1,\"name\":\"Accueil\",\"item\":\"https:\/\/www.annesophiemiclo.com\/\"},{\"@type\":\"ListItem\",\"position\":2,\"name\":\"\\u00e0 propos\"}]}]}<\/script>\n<!-- \/ Yoast SEO plugin. -->","yoast_head_json":{"title":"\u00e0 propos - Anne-Sophie Miclo","robots":{"index":"index","follow":"follow","max-snippet":"max-snippet:-1","max-image-preview":"max-image-preview:large","max-video-preview":"max-video-preview:-1"},"canonical":"https:\/\/www.annesophiemiclo.com\/index.php\/a-propos-3\/","og_locale":"fr_FR","og_type":"article","og_title":"\u00e0 propos - Anne-Sophie Miclo","og_description":"Anne-Sophie Miclo \u00a0 \u00a0","og_url":"https:\/\/www.annesophiemiclo.com\/index.php\/a-propos-3\/","og_site_name":"Anne-Sophie Miclo","article_modified_time":"2025-07-18T19:42:36+00:00","og_image":[{"url":"http:\/\/www.annesophiemiclo.com\/wp-content\/uploads\/2016\/02\/caillou.gif"}],"twitter_card":"summary_large_image","twitter_misc":{"Dur\u00e9e de lecture estim\u00e9e":"2 minutes"},"schema":{"@context":"https:\/\/schema.org","@graph":[{"@type":"WebSite","@id":"https:\/\/www.annesophiemiclo.com\/#website","url":"https:\/\/www.annesophiemiclo.com\/","name":"Anne-Sophie Miclo","description":"Historienne de l&#039;art &amp; commissaire d&#039;exposition","potentialAction":[{"@type":"SearchAction","target":{"@type":"EntryPoint","urlTemplate":"https:\/\/www.annesophiemiclo.com\/?s={search_term_string}"},"query-input":"required name=search_term_string"}],"inLanguage":"fr-FR"},{"@type":"ImageObject","@id":"https:\/\/www.annesophiemiclo.com\/index.php\/a-propos-3\/#primaryimage","inLanguage":"fr-FR","url":"http:\/\/www.annesophiemiclo.com\/wp-content\/uploads\/2016\/02\/caillou.gif","contentUrl":"http:\/\/www.annesophiemiclo.com\/wp-content\/uploads\/2016\/02\/caillou.gif"},{"@type":"WebPage","@id":"https:\/\/www.annesophiemiclo.com\/index.php\/a-propos-3\/#webpage","url":"https:\/\/www.annesophiemiclo.com\/index.php\/a-propos-3\/","name":"\u00e0 propos - Anne-Sophie Miclo","isPartOf":{"@id":"https:\/\/www.annesophiemiclo.com\/#website"},"primaryImageOfPage":{"@id":"https:\/\/www.annesophiemiclo.com\/index.php\/a-propos-3\/#primaryimage"},"datePublished":"2016-02-15T13:52:20+00:00","dateModified":"2025-07-18T19:42:36+00:00","breadcrumb":{"@id":"https:\/\/www.annesophiemiclo.com\/index.php\/a-propos-3\/#breadcrumb"},"inLanguage":"fr-FR","potentialAction":[{"@type":"ReadAction","target":["https:\/\/www.annesophiemiclo.com\/index.php\/a-propos-3\/"]}]},{"@type":"BreadcrumbList","@id":"https:\/\/www.annesophiemiclo.com\/index.php\/a-propos-3\/#breadcrumb","itemListElement":[{"@type":"ListItem","position":1,"name":"Accueil","item":"https:\/\/www.annesophiemiclo.com\/"},{"@type":"ListItem","position":2,"name":"\u00e0 propos"}]}]}},"_links":{"self":[{"href":"https:\/\/www.annesophiemiclo.com\/index.php\/wp-json\/wp\/v2\/pages\/87"}],"collection":[{"href":"https:\/\/www.annesophiemiclo.com\/index.php\/wp-json\/wp\/v2\/pages"}],"about":[{"href":"https:\/\/www.annesophiemiclo.com\/index.php\/wp-json\/wp\/v2\/types\/page"}],"author":[{"embeddable":true,"href":"https:\/\/www.annesophiemiclo.com\/index.php\/wp-json\/wp\/v2\/users\/1"}],"replies":[{"embeddable":true,"href":"https:\/\/www.annesophiemiclo.com\/index.php\/wp-json\/wp\/v2\/comments?post=87"}],"version-history":[{"count":33,"href":"https:\/\/www.annesophiemiclo.com\/index.php\/wp-json\/wp\/v2\/pages\/87\/revisions"}],"predecessor-version":[{"id":604,"href":"https:\/\/www.annesophiemiclo.com\/index.php\/wp-json\/wp\/v2\/pages\/87\/revisions\/604"}],"wp:attachment":[{"href":"https:\/\/www.annesophiemiclo.com\/index.php\/wp-json\/wp\/v2\/media?parent=87"}],"curies":[{"name":"wp","href":"https:\/\/api.w.org\/{rel}","templated":true}]}}

à propos

<div id="attachment_9" style="width: 431px" class="wp-caption aligncenter"><img aria-describedby="caption-attachment-9" loading="lazy" class="wp-image-9" src="http://www.annesophiemiclo.com/wp-content/uploads/2016/02/caillou.gif" alt="Hugo Livet, Caillou.gif, animation gif HD en boucle, 2015. Un caillou en mouvement perpétuel, virtuellement et monstrueusement libre." width="421" height="316" /><p id="caption-attachment-9" class="wp-caption-text">Hugo Livet, Caillou.gif, animation gif HD en boucle, 2015.<br />Un caillou en mouvement perpétuel, virtuellement et monstrueusement libre.</p></div>
<p><strong>Anne-Sophie Miclo  </strong></p>
<div class="ezcol ezcol-two-third">
<div>
<p>Anne-Sophie Miclo est historienne de l’art. Elle détient un doctorat en histoire de l’art de l’Université du Québec à Montréal et enseigne également comme chargée de cours. Depuis quinze ans, elle mène des recherches sur l’histoire et les processus de muséalisation des œuvres et expositions vivantes. Elle poursuit actuellement une recherche postdoctorale à l’Université du Québec en Outaouais, intitulée<span class="apple-converted-space"> </span><em>Soixante ans d’œuvres vivantes dans les musées canadiens (1960-2020), </em>soutenue par le Conseil de la recherche en sciences humaines du Canada (CRSH) et le Fonds de recherche du Québec – Société et culture (FRQSC). Elle est aussi membre de l’Équipe Art et musée (FRQSC 2022-2026).</p>
</div>
<p align="JUSTIFY">Vit à <span style="font-size: inherit;">Tiohtià:ke / Mooniyang / </span><span style="font-size: inherit;">Montréal.</span></p>
<p align="JUSTIFY">Contact : </p>
<p align="JUSTIFY"><img loading="lazy" class="alignleft  wp-image-272" src="http://www.annesophiemiclo.com/wp-content/uploads/2016/03/rielcour_non_transparent.jpg" alt="" width="227" height="19" /></p>
<p align="JUSTIFY"> </p>
<p align="JUSTIFY"></div> <div class="ezcol ezcol-one-third ezcol-last"><img loading="lazy" class="alignleft wp-image-603 size-full" src="https://www.annesophiemiclo.com/wp-content/uploads/2025/07/LR-2025-04-27-Anne-Sophie-Miclo-67-V2-scaled.jpg" alt="" width="2560" height="1707" srcset="https://www.annesophiemiclo.com/wp-content/uploads/2025/07/LR-2025-04-27-Anne-Sophie-Miclo-67-V2-scaled.jpg 2560w, https://www.annesophiemiclo.com/wp-content/uploads/2025/07/LR-2025-04-27-Anne-Sophie-Miclo-67-V2-300x200.jpg 300w, https://www.annesophiemiclo.com/wp-content/uploads/2025/07/LR-2025-04-27-Anne-Sophie-Miclo-67-V2-1024x683.jpg 1024w, https://www.annesophiemiclo.com/wp-content/uploads/2025/07/LR-2025-04-27-Anne-Sophie-Miclo-67-V2-1536x1024.jpg 1536w, https://www.annesophiemiclo.com/wp-content/uploads/2025/07/LR-2025-04-27-Anne-Sophie-Miclo-67-V2-2048x1365.jpg 2048w, https://www.annesophiemiclo.com/wp-content/uploads/2025/07/LR-2025-04-27-Anne-Sophie-Miclo-67-V2-600x400.jpg 600w, https://www.annesophiemiclo.com/wp-content/uploads/2025/07/LR-2025-04-27-Anne-Sophie-Miclo-67-V2-940x627.jpg 940w" sizes="(max-width: 2560px) 100vw, 2560px" /></div><div class="ezcol-divider"></div></p>
<p align="JUSTIFY"> </p>


<p></p>



<p></p>

<!-- This site is optimized with the Yoast SEO plugin v17.3 - https://yoast.com/wordpress/plugins/seo/ -->
<title>à propos - Anne-Sophie Miclo</title>
<meta name="robots" content="index, follow, max-snippet:-1, max-image-preview:large, max-video-preview:-1" />
<link rel="canonical" href="https://www.annesophiemiclo.com/index.php/a-propos-3/" />
<meta property="og:locale" content="fr_FR" />
<meta property="og:type" content="article" />
<meta property="og:title" content="à propos - Anne-Sophie Miclo" />
<meta property="og:description" content="Anne-Sophie Miclo    " />
<meta property="og:url" content="https://www.annesophiemiclo.com/index.php/a-propos-3/" />
<meta property="og:site_name" content="Anne-Sophie Miclo" />
<meta property="article:modified_time" content="2025-07-18T19:42:36+00:00" />
<meta property="og:image" content="http://www.annesophiemiclo.com/wp-content/uploads/2016/02/caillou.gif" />
<meta name="twitter:card" content="summary_large_image" />
<meta name="twitter:label1" content="Durée de lecture estimée" />
	<meta name="twitter:data1" content="2 minutes" />
<script type="application/ld+json" class="yoast-schema-graph">{"@context":"https://schema.org","@graph":[{"@type":"WebSite","@id":"https://www.annesophiemiclo.com/#website","url":"https://www.annesophiemiclo.com/","name":"Anne-Sophie Miclo","description":"Historienne de l&#039;art &amp; commissaire d&#039;exposition","potentialAction":[{"@type":"SearchAction","target":{"@type":"EntryPoint","urlTemplate":"https://www.annesophiemiclo.com/?s={search_term_string}"},"query-input":"required name=search_term_string"}],"inLanguage":"fr-FR"},{"@type":"ImageObject","@id":"https://www.annesophiemiclo.com/index.php/a-propos-3/#primaryimage","inLanguage":"fr-FR","url":"http://www.annesophiemiclo.com/wp-content/uploads/2016/02/caillou.gif","contentUrl":"http://www.annesophiemiclo.com/wp-content/uploads/2016/02/caillou.gif"},{"@type":"WebPage","@id":"https://www.annesophiemiclo.com/index.php/a-propos-3/#webpage","url":"https://www.annesophiemiclo.com/index.php/a-propos-3/","name":"\u00e0 propos - Anne-Sophie Miclo","isPartOf":{"@id":"https://www.annesophiemiclo.com/#website"},"primaryImageOfPage":{"@id":"https://www.annesophiemiclo.com/index.php/a-propos-3/#primaryimage"},"datePublished":"2016-02-15T13:52:20+00:00","dateModified":"2025-07-18T19:42:36+00:00","breadcrumb":{"@id":"https://www.annesophiemiclo.com/index.php/a-propos-3/#breadcrumb"},"inLanguage":"fr-FR","potentialAction":[{"@type":"ReadAction","target":["https://www.annesophiemiclo.com/index.php/a-propos-3/"]}]},{"@type":"BreadcrumbList","@id":"https://www.annesophiemiclo.com/index.php/a-propos-3/#breadcrumb","itemListElement":[{"@type":"ListItem","position":1,"name":"Accueil","item":"https://www.annesophiemiclo.com/"},{"@type":"ListItem","position":2,"name":"\u00e0 propos"}]}]}</script>
<!-- / Yoast SEO plugin. -->

à propos - Anne-Sophie Miclo
